{"id":630,"date":"2021-08-10T16:18:59","date_gmt":"2021-08-10T16:18:59","guid":{"rendered":"https:\/\/www.astreitalia.it\/?page_id=630"},"modified":"2021-11-11T12:23:16","modified_gmt":"2021-11-11T12:23:16","slug":"valori-e-missione","status":"publish","type":"page","link":"https:\/\/www.astreitalia.it\/index.php\/gruppo\/valori-e-missione\/","title":{"rendered":"Valori E Missione"},"content":{"rendered":"\t\t<div data-elementor-type=\"wp-page\" data-elementor-id=\"630\" class=\"elementor elementor-630\">\n\t\t\t\t\t\t<section data-particle_enable=\"false\" data-particle-mobile-disabled=\"false\" class=\"elementor-section elementor-top-section elementor-element elementor-element-8d6fba7 elementor-section-boxed elementor-section-height-default elementor-section-height-default parallax_section_no qode_elementor_container_no\" data-id=\"8d6fba7\" data-element_type=\"section\">\n\t\t\t\t\t\t<div class=\"elementor-container elementor-column-gap-default\">\n\t\t\t\t\t<div class=\"elementor-column elementor-col-50 elementor-top-column elementor-element elementor-element-43e46cd\" data-id=\"43e46cd\" data-element_type=\"column\">\n\t\t\t<div class=\"elementor-widget-wrap elementor-element-populated\">\n\t\t\t\t\t\t<div class=\"elementor-element elementor-element-4940387 elementor-widget elementor-widget-spacer\" data-id=\"4940387\" data-element_type=\"widget\" data-widget_type=\"spacer.default\">\n\t\t\t\t<div class=\"elementor-widget-container\">\n\t\t\t\t\t<div class=\"elementor-spacer\">\n\t\t\t<div class=\"elementor-spacer-inner\"><\/div>\n\t\t<\/div>\n\t\t\t\t<\/div>\n\t\t\t\t<\/div>\n\t\t\t\t<div class=\"elementor-element elementor-element-9d52ced elementor-widget elementor-widget-heading\" data-id=\"9d52ced\" data-element_type=\"widget\" data-widget_type=\"heading.default\">\n\t\t\t\t<div class=\"elementor-widget-container\">\n\t\t\t<h1 class=\"elementor-heading-title elementor-size-default\">Valori E Missione<\/h1>\t\t<\/div>\n\t\t\t\t<\/div>\n\t\t\t\t<div class=\"elementor-element elementor-element-63a89df elementor-widget-divider--view-line elementor-widget elementor-widget-divider\" data-id=\"63a89df\" data-element_type=\"widget\" data-widget_type=\"divider.default\">\n\t\t\t\t<div class=\"elementor-widget-container\">\n\t\t\t\t\t<div class=\"elementor-divider\">\n\t\t\t<span class=\"elementor-divider-separator\">\n\t\t\t\t\t\t<\/span>\n\t\t<\/div>\n\t\t\t\t<\/div>\n\t\t\t\t<\/div>\n\t\t\t\t\t<\/div>\n\t\t<\/div>\n\t\t\t\t<div class=\"elementor-column elementor-col-50 elementor-top-column elementor-element elementor-element-ae274ac\" data-id=\"ae274ac\" data-element_type=\"column\">\n\t\t\t<div class=\"elementor-widget-wrap elementor-element-populated\">\n\t\t\t\t\t\t<div class=\"elementor-element elementor-element-c1f5e37 elementor-widget elementor-widget-spacer\" data-id=\"c1f5e37\" data-element_type=\"widget\" data-widget_type=\"spacer.default\">\n\t\t\t\t<div class=\"elementor-widget-container\">\n\t\t\t\t\t<div class=\"elementor-spacer\">\n\t\t\t<div class=\"elementor-spacer-inner\"><\/div>\n\t\t<\/div>\n\t\t\t\t<\/div>\n\t\t\t\t<\/div>\n\t\t\t\t<div class=\"elementor-element elementor-element-7dcfe32 elementor-widget elementor-widget-text-editor\" data-id=\"7dcfe32\" data-element_type=\"widget\" data-widget_type=\"text-editor.default\">\n\t\t\t\t<div class=\"elementor-widget-container\">\n\t\t\t\t\t\t\t<p><b>Il nostro \u00e8 un collettivo per la creazione di valore. Il nostro impegno e le nostre azioni derivano da una qualit\u00e0 condivisa. La nostra principale priorit\u00e0 per il futuro \u00e8 la nostra continua crescita europea, senza mai dimenticare che le persone vengono prima di ogni altra cosa, poich\u00e9 tutti i nostri progetti devono essere finalizzati al miglioramento del benessere comune e individuale.<\/b><\/p><h3>AIUTO RECIPROCO E SOLIDARIET\u00c0<\/h3><p>Concetti che si materializzano in attivit\u00e0 concrete come ospitalit\u00e0, assistenza e fornitura di pasti caldi durante la pandemia COVIS-19, o autisti che si aiutano spontaneamente a vicenda in caso di piccole riparazioni. Da non trascurare i messaggi di condoglianze, le attivit\u00e0 comuni per risolvere i problemi di recruiting o il sostegno alle aziende in difficolt\u00e0. Questi valori non semplicemente redatti nei nostri regolamenti interni, ma sono qualcosa di vivo, di tangibile, che si riproduce e continua dal 1992 in tutta la nostra rete.<\/p><h3>cultura della diversit\u00e0 e soluzioni su misura<\/h3><p>Sulla base dell\u2019esperienza vissuta con la creazione dell\u2019organizzazione interna per coordinare la rete in Francia e in Europa, nell\u2019era DIGITAL, pi\u00f9 che mai \u00e8 necessario avere forze sul campo, i nostri \u201cAnimatori di Rete\u201d che in tutta Europa, visitano le aziende dei nostri Soci per trasmettere i nostri valori, incoraggiare la loro attuazione e condivisione, avviare progetti, tessere una rete sempre pi\u00f9 fitta, intensificare la cooperazione e diffondere la completa gamma di prodotti e servizi proposti dal Raggruppamento.<br \/>IMPRENDITORI RESPONSABILI = ok<br \/>Valore ampiamente dimostrato nel quotidiano tramite il lavoro e impegno dei nostri Soci. Il Raggruppamento stesso sostiene e promuove i valori di impegno ambientale, garantendo qualit\u00e0 di servizio e responsabilit\u00e0 sociale attraverso l\u2019applicazione da parte dei Soci della rete di policies che rispettano ecologia e responsabilit\u00e0 sociale. Oggi, ASTRE \u00e8 un Raggruppamento di Imprenditori ambientalmente responsabili.<\/p><h3>PROSSIMIT\u00c0 E forte attaccamento alla dimensione europea<\/h3><p>Lo si \u00e8 visto con la creazione di un&#8217;organizzazione interna per coordinare la rete in Francia e in Europa. In un&#8217;era completamente digitale, pi\u00f9 che mai abbiamo bisogno di persone sul campo, i nostri missionari astriani, in tutta Europa, che visitano le aziende dei nostri membri per trasmettere i nostri valori, incoraggiare la loro attuazione, condividerli, avviare progetti, costruire una fitta rete, intensificare la cooperazione e abbracciare la gamma completa di prodotti e servizi proposti dal Gruppo.<\/p><h3>Imprenditori responsabili<\/h3><p>Questo valore \u00e8 dimostrato quotidianamente attraverso il lavoro dei nostri membri. Il Gruppo stesso cerca di sostenere e promuovere i valori dell&#8217;impegno ambientale, mantenendo la qualit\u00e0 del servizio e la responsabilit\u00e0 sociale. Questa viene individuata sulla base delle attivit\u00e0 ecologicamente e socialmente responsabili di ciascuna PMI della rete. Astre \u00e8 ormai diventato un gruppo di imprenditori ecologicamente responsabile, con oltre un quarto degli autotrasportatori nazionali coperti dal marchio Objectif CO2.<\/p><h2>CSR<\/h2><p>Il Gruppo Astre ha implementato azioni di CSR sin dalla sua fondazione nel 1992, cosa che ci viene molto naturale! Astre \u00e8 composta esclusivamente da PMI impegnate individualmente, tutte integrate nei loro ambienti locali, dandoci un&#8217;incredibile ricchezza e diversit\u00e0. L&#8217;unione di queste PMI ha naturalmente migliorato le prestazioni ambientali, in particolare attraverso l&#8217;ottimizzazione del flusso di merci e la condivisione delle migliori pratiche. Per capitalizzare le diverse iniziative lanciate dai soci e dalle entit\u00e0 del Gruppo, nel 2018 Astre ha deciso di strutturare ufficialmente i propri impegni di CSR sulla base delle 7 sfide di CSR:<\/p><ol><li>Ambiente<\/li><li>Diritti umani<\/li><li>Governance dell&#8217;organizzazione<\/li><li>Correttezza delle pratiche<\/li><li>Sociale<\/li><li>Problemi dei clienti<\/li><li>Sviluppo territoriale<\/li><\/ol><p>Astre conferma i suoi impegni di CSR con l&#8217;assegnazione delle etichette:<\/p><p><img decoding=\"async\" class=\"wp-image-761\" src=\"https:\/\/www.astre.fr\/wp-content\/uploads\/2021\/03\/afaq.png\" alt=\"\" width=\"91\" height=\"100\" \/> <img decoding=\"async\" class=\"wp-image-771\" src=\"https:\/\/www.astre.fr\/wp-content\/uploads\/2021\/03\/ecovadis.png\" sizes=\"(max-width: 98px) 100vw, 98px\" srcset=\"https:\/\/www.astre.fr\/wp-content\/uploads\/2021\/03\/ecovadis.png 999w, https:\/\/www.astre.fr\/wp-content\/uploads\/2021\/03\/ecovadis-300x300.png 300w, https:\/\/www.astre.fr\/wp-content\/uploads\/2021\/03\/ecovadis-150x150.png 150w, https:\/\/www.astre.fr\/wp-content\/uploads\/2021\/03\/ecovadis-768x768.png 768w\" alt=\"\" width=\"98\" height=\"98\" \/><\/p>\t\t\t\t\t\t<\/div>\n\t\t\t\t<\/div>\n\t\t\t\t\t<\/div>\n\t\t<\/div>\n\t\t\t\t\t<\/div>\n\t\t<\/section>\n\t\t\t\t<\/div>\n\t\t","protected":false},"excerpt":{"rendered":"<p>Il nostro \u00e8 un collettivo per la creazione di valore. Il nostro impegno e le nostre azioni derivano da una qualit\u00e0 condivisa. La nostra principale priorit\u00e0 per il futuro \u00e8 la nostra continua crescita europea, senza mai dimenticare che le persone vengono prima di ogni&#8230;<\/p>\n","protected":false},"author":4,"featured_media":0,"parent":766,"menu_order":0,"comment_status":"closed","ping_status":"closed","template":"full_width.php","meta":{"footnotes":""},"class_list":["post-630","page","type-page","status-publish","hentry"],"acf":[],"_links":{"self":[{"href":"https:\/\/www.astreitalia.it\/index.php\/wp-json\/wp\/v2\/pages\/630","targetHints":{"allow":["GET"]}}],"collection":[{"href":"https:\/\/www.astreitalia.it\/index.php\/wp-json\/wp\/v2\/pages"}],"about":[{"href":"https:\/\/www.astreitalia.it\/index.php\/wp-json\/wp\/v2\/types\/page"}],"author":[{"embeddable":true,"href":"https:\/\/www.astreitalia.it\/index.php\/wp-json\/wp\/v2\/users\/4"}],"replies":[{"embeddable":true,"href":"https:\/\/www.astreitalia.it\/index.php\/wp-json\/wp\/v2\/comments?post=630"}],"version-history":[{"count":39,"href":"https:\/\/www.astreitalia.it\/index.php\/wp-json\/wp\/v2\/pages\/630\/revisions"}],"predecessor-version":[{"id":1114,"href":"https:\/\/www.astreitalia.it\/index.php\/wp-json\/wp\/v2\/pages\/630\/revisions\/1114"}],"up":[{"embeddable":true,"href":"https:\/\/www.astreitalia.it\/index.php\/wp-json\/wp\/v2\/pages\/766"}],"wp:attachment":[{"href":"https:\/\/www.astreitalia.it\/index.php\/wp-json\/wp\/v2\/media?parent=630"}],"curies":[{"name":"wp","href":"https:\/\/api.w.org\/{rel}","templated":true}]}}